{"id":162,"date":"2023-06-28T15:27:02","date_gmt":"2023-06-28T20:27:02","guid":{"rendered":"https:\/\/prueba1.wuilpy.com\/?post_type=product&#038;p=162"},"modified":"2023-06-28T15:38:36","modified_gmt":"2023-06-28T20:38:36","slug":"bicicleta-gw-scorpion-7v","status":"publish","type":"product","link":"https:\/\/prueba1.wuilpy.com\/index.php\/product\/bicicleta-gw-scorpion-7v\/","title":{"rendered":"Bicicleta GW Scorpion 7V"},"content":{"rendered":"<h1 style=\"text-align: center;\">Bicicleta GW Scorpion 7V<\/h1>\n<h2>Descubre la calidad y rendimiento de la Bicicleta GW Scorpion Rin 29 de 21 Velocidades.<\/h2>\n<p>&nbsp;<\/p>\n<p style=\"text-align: justify;\">La bicicleta \u00a0GW Scorpion Rin 29 \u00a07V es una verdadera cicla todo terreno, dise\u00f1ada para aquellos que buscan aventuras y desaf\u00edos en cualquier tipo de terreno. Su marco en aluminio de alta calidad, junto con su suspensi\u00f3n de bloqueo mec\u00e1nico manual, proporciona la estabilidad y durabilidad necesarias para un rendimiento \u00f3ptimo en caminos rocosos, senderos accidentados y terrenos dif\u00edciles.<\/p>\n<p style=\"text-align: justify;\">Con su sistema de frenos de disco mec\u00e1nico, la Bicicleta MTB GW Scorpion ofrece una capacidad de frenado excepcional, asegurando la seguridad y la confianza del ciclista incluso en las situaciones m\u00e1s dif\u00edciles. Adem\u00e1s, su tensor Shimano Tourney y triplato GW Seven7al 24\/34\/42, aseguran cambios de marchas suaves y precisos en cualquier tipo de terreno.<\/p>\n<p style=\"text-align: justify;\">Los manillares integrados Scorpion 3*7 y el rin 29, proporcionan una comodidad y maniobrabilidad excepcionales para el ciclista, mientras que su dise\u00f1o aerodin\u00e1mico y atractivo asegura una apariencia elegante y moderna.<\/p>\n<h3>Bici Todo Terreno Gw Scorpion \u00a0\u2013 Especificaciones<\/h3>\n<p>&nbsp;<\/p>\n<ul>\n<li>Marco: Scorpion 29&#8243; Aluminio 6061, Cableado Interno,<\/li>\n<li>Suspensi\u00f3n: (Bloqueo Mecanico Manual)<\/li>\n<li>Juego Direcci\u00f3n: Semi Integ Oversize 28.6 Mm 1\/18<\/li>\n<li>Manilares Integ: Scorpion 3*7 Mec\u00e1nica<\/li>\n<li>Triplato: Gw Seven7al 24\/34\/42 T * 170 Mm<\/li>\n<li>Descarrilador: Negro 7*3 31.8mm<\/li>\n<li>Tensor: Shimano Rd-TZ500, Tz, Gs 6-<\/li>\n<li>Pacha: Marron 7 Velocidades 14\/28<\/li>\n<li>Freno: Disco Mecanico Aluminio 160mm\/<\/li>\n<li>Mangos: Caucho Negro L: 125 Mm<\/li>\n<li>Galapago: Gw Scorpion 280 * 140mm Colores<\/li>\n<li>Pedales: Feimin 9\/16 Pl\u00e1stico Fp803 Negro\/Reflectivo<\/li>\n<li>Llantas: 29&#215;2.1 27 Tpi Doble Prop\u00f3sito<\/li>\n<li>Neum\u00e1ticos: 29&#215;1.95 \/ 2.125 A \/ V 33 Mm<\/li>\n<li>Protector Rin: Caucho 29*20 Mm<\/li>\n<li>Rin: Gw Aluminio 29 M20 Disco Brake 36h<\/li>\n<\/ul>\n<p>Compra ahora y disfruta de la calidad y resistencia en tus aventuras al aire libre.<\/p>\n","protected":false},"excerpt":{"rendered":"<p><span style=\"color: #cfcccc;\">Bicicleta GW Scorpion 7V<\/span><\/p>\n<p style=\"text-align: justify;\">Descubre la bicicleta GW Scorpion con rin 29, ideal para la ciudad y la monta\u00f1a. Su dise\u00f1o en aluminio y frenos de disco mec\u00e1nico te brindan seguridad y comodidad. \u00a1Adqui\u00e9rela ahora!<\/p>\n<p><a href=\"https:\/\/api.whatsapp.com\/send?phone=573144220079&amp;text=%C2%A1Hola%20Wuilpy!%20Quisiera%20asesor%C3%ADa%20personalizada%20para%20mi%20compra.%20Gracias\" target=\"_blank\" rel=\"noopener noreferrer\">\u00a0<img decoding=\"async\" loading=\"lazy\" class=\"alignnone size-full wp-image-4589\" src=\"https:\/\/wuilpy.com\/wp-content\/uploads\/2020\/11\/boton-wsapp2.png\" alt=\"\" width=\"200\" height=\"30\" \/><\/a><\/p>\n[video width=\"640\" height=\"352\" mp4=\"https:\/\/wuilpy.com\/wp-content\/uploads\/2021\/02\/Bicicleta-scorpion.mp4\"][\/video]\n","protected":false},"featured_media":212,"comment_status":"open","ping_status":"closed","template":"","meta":{"site-sidebar-layout":"default","site-content-layout":"default","ast-global-header-display":"","ast-banner-title-visibility":"","ast-main-header-display":"","ast-hfb-above-header-display":"","ast-hfb-below-header-display":"","ast-hfb-mobile-header-display":"","site-post-title":"","ast-breadcrumbs-content":"","ast-featured-img":"","footer-sml-layout":"","theme-transparent-header-meta":"default","adv-header-id-meta":"","stick-header-meta":"","header-above-stick-meta":"","header-main-stick-meta":"","header-below-stick-meta":""},"product_cat":[61,23,60],"product_tag":[59],"_links":{"self":[{"href":"https:\/\/prueba1.wuilpy.com\/index.php\/wp-json\/wp\/v2\/product\/162"}],"collection":[{"href":"https:\/\/prueba1.wuilpy.com\/index.php\/wp-json\/wp\/v2\/product"}],"about":[{"href":"https:\/\/prueba1.wuilpy.com\/index.php\/wp-json\/wp\/v2\/types\/product"}],"replies":[{"embeddable":true,"href":"https:\/\/prueba1.wuilpy.com\/index.php\/wp-json\/wp\/v2\/comments?post=162"}],"wp:featuredmedia":[{"embeddable":true,"href":"https:\/\/prueba1.wuilpy.com\/index.php\/wp-json\/wp\/v2\/media\/212"}],"wp:attachment":[{"href":"https:\/\/prueba1.wuilpy.com\/index.php\/wp-json\/wp\/v2\/media?parent=162"}],"wp:term":[{"taxonomy":"product_cat","embeddable":true,"href":"https:\/\/prueba1.wuilpy.com\/index.php\/wp-json\/wp\/v2\/product_cat?post=162"},{"taxonomy":"product_tag","embeddable":true,"href":"https:\/\/prueba1.wuilpy.com\/index.php\/wp-json\/wp\/v2\/product_tag?post=162"}],"curies":[{"name":"wp","href":"https:\/\/api.w.org\/{rel}","templated":true}]}}