{"id":165,"date":"2023-06-28T15:27:03","date_gmt":"2023-06-28T20:27:03","guid":{"rendered":"https:\/\/prueba1.wuilpy.com\/?post_type=product&#038;p=165"},"modified":"2023-06-28T15:34:08","modified_gmt":"2023-06-28T20:34:08","slug":"casco-para-bicicleta-gw-mantis","status":"publish","type":"product","link":"https:\/\/prueba1.wuilpy.com\/index.php\/product\/casco-para-bicicleta-gw-mantis\/","title":{"rendered":"Casco para Bicicleta GW Mantis"},"content":{"rendered":"<h1 style=\"text-align: center;\">Casco para Bicicleta GW Mantis<\/h1>\n<p>&nbsp;<\/p>\n<h2>Consigue la m\u00e1xima protecci\u00f3n con nuestro casco de bicicleta<\/h2>\n<p>&nbsp;<\/p>\n<p style=\"text-align: justify;\">El casco para bicicleta Mantis GW es el complemento ideal para tus aventuras en bici. Dise\u00f1o aerodin\u00e1mico y caracter\u00edsticas de seguridad de alta calidad, este casco es una excelente opci\u00f3n para aquellos que buscan un alto nivel de protecci\u00f3n y comodidad.<\/p>\n<p style=\"text-align: justify;\">Este casco cuenta con 23 perforaciones para ventilaci\u00f3n, lo que lo hace perfecto para d\u00edas c\u00e1lidos de verano. Adem\u00e1s, su construcci\u00f3n IN MOLD y su material de EPS (Poliestireno Expandido) aseguran una protecci\u00f3n \u00f3ptima en caso de impacto.<\/p>\n<p style=\"text-align: justify;\">El casco Mantis GW cuenta con una visera, lo que te brinda una mayor protecci\u00f3n contra el sol y otros elementos del camino. Y gracias a su sistema de ajuste Roller, puedes personalizar el ajuste del casco para una mayor comodidad durante tus rodadas.<\/p>\n<p style=\"text-align: justify;\">Este casco est\u00e1 certificado bajo la norma EN1078:2012 A1:2012, lo que significa que ha pasado pruebas rigurosas para garantizar su seguridad y calidad.<\/p>\n<p style=\"text-align: justify;\">El casco para bicicleta Mantis GW es una excelente opci\u00f3n para aquellos que buscan un casco de alta calidad para uso ocasional y recreativo en MTB o ruta. Con su dise\u00f1o atractivo y caracter\u00edsticas de seguridad de primera calidad, no te arrepentir\u00e1s de invertir en este casco.<\/p>\n<h3><\/h3>\n<h3>Caracter\u00edsticas del Casco Mantis GW:<\/h3>\n<p>&nbsp;<\/p>\n<ul>\n<li>Marca: \u00a0GW<\/li>\n<li>Modelo: \u00a0Mantis<\/li>\n<li>Material: Eps (Poliestireno Expandido)<\/li>\n<li>Perforaciones: \u00a023 Perforaciones<\/li>\n<li>Peso: \u00a0203g<\/li>\n<li>Certificado: en1078:2012 a1:2012<\/li>\n<li>Modalidad: \u00a0Ruta \/ Mtb \/ Patinaje<\/li>\n<li>Visera extra\u00edble, resistente al sudor e impactos, espumas internas y correa de ajuste.<\/li>\n<li>Talla M (54 \u2013 57 cm) L (58-62)<\/li>\n<\/ul>\n<p>Y no lo olvides.. Para mantener tu Casco Mantis GW en las mejores condiciones, l\u00edmpialo con un pa\u00f1o suave y agua tibia despu\u00e9s de cada uso, evita productos qu\u00edmicos fuertes y almac\u00e9nalo en un lugar seco y protegido de la luz solar directa.<\/p>\n<p>Obt\u00e9n la mejor protecci\u00f3n para tus aventuras en bicicleta con el Casco Mantis GW. \u00a1Haz tu compra ahora y experimenta la seguridad y comodidad que mereces!.<\/p>\n","protected":false},"excerpt":{"rendered":"<h1 style=\"text-align: left;\"><span style=\"color: #e0dede;\">Casco para Bicicleta GW Mantis<\/span><\/h1>\n<p>&nbsp;<\/p>\n<p>Disfruta de la mejor protecci\u00f3n en tus aventuras en bicicleta con el Casco Mantis GW. Ligero, ventilado y con visera integrada, es el complemento perfecto para tu equipo ciclista. \u00a1Obt\u00e9n el tuyo ahora!.<\/p>\n<ul>\n<li>Marca: \u00a0GW<\/li>\n<li>Modelo: \u00a0Mantis<\/li>\n<li>Material: Eps (Poliestireno Expandido)<\/li>\n<li>Perforaciones: \u00a023 Perforaciones<\/li>\n<li>Peso: \u00a0203g<\/li>\n<li>Talla M (54 \u2013 57 cm) L (58-62)<\/li>\n<\/ul>\n<p>&nbsp;<\/p>\n<p><a href=\"https:\/\/api.whatsapp.com\/send?phone=573144220079&amp;text=%C2%A1Hola%20Wuilpy!%20Quisiera%20asesor%C3%ADa%20personalizada%20para%20mi%20compra.%20Gracias\" target=\"_blank\" rel=\"noopener noreferrer\"><img decoding=\"async\" loading=\"lazy\" class=\"alignnone size-full wp-image-4589\" src=\"https:\/\/wuilpy.com\/wp-content\/uploads\/2020\/11\/boton-wsapp2.png\" alt=\"\" width=\"200\" height=\"30\" \/><\/a><\/p>\n<p>&nbsp;<\/p>\n","protected":false},"featured_media":366,"comment_status":"open","ping_status":"closed","template":"","meta":{"site-sidebar-layout":"default","site-content-layout":"default","ast-global-header-display":"","ast-banner-title-visibility":"","ast-main-header-display":"","ast-hfb-above-header-display":"","ast-hfb-below-header-display":"","ast-hfb-mobile-header-display":"","site-post-title":"","ast-breadcrumbs-content":"","ast-featured-img":"","footer-sml-layout":"","theme-transparent-header-meta":"default","adv-header-id-meta":"","stick-header-meta":"","header-above-stick-meta":"","header-main-stick-meta":"","header-below-stick-meta":""},"product_cat":[74,77],"product_tag":[80],"_links":{"self":[{"href":"https:\/\/prueba1.wuilpy.com\/index.php\/wp-json\/wp\/v2\/product\/165"}],"collection":[{"href":"https:\/\/prueba1.wuilpy.com\/index.php\/wp-json\/wp\/v2\/product"}],"about":[{"href":"https:\/\/prueba1.wuilpy.com\/index.php\/wp-json\/wp\/v2\/types\/product"}],"replies":[{"embeddable":true,"href":"https:\/\/prueba1.wuilpy.com\/index.php\/wp-json\/wp\/v2\/comments?post=165"}],"wp:featuredmedia":[{"embeddable":true,"href":"https:\/\/prueba1.wuilpy.com\/index.php\/wp-json\/wp\/v2\/media\/366"}],"wp:attachment":[{"href":"https:\/\/prueba1.wuilpy.com\/index.php\/wp-json\/wp\/v2\/media?parent=165"}],"wp:term":[{"taxonomy":"product_cat","embeddable":true,"href":"https:\/\/prueba1.wuilpy.com\/index.php\/wp-json\/wp\/v2\/product_cat?post=165"},{"taxonomy":"product_tag","embeddable":true,"href":"https:\/\/prueba1.wuilpy.com\/index.php\/wp-json\/wp\/v2\/product_tag?post=165"}],"curies":[{"name":"wp","href":"https:\/\/api.w.org\/{rel}","templated":true}]}}