{"id":268,"date":"2023-06-28T15:28:40","date_gmt":"2023-06-28T20:28:40","guid":{"rendered":"https:\/\/prueba1.wuilpy.com\/?post_type=product&#038;p=268"},"modified":"2023-06-28T15:28:57","modified_gmt":"2023-06-28T20:28:57","slug":"casco-sonic-canariam","status":"publish","type":"product","link":"https:\/\/prueba1.wuilpy.com\/index.php\/product\/casco-sonic-canariam\/","title":{"rendered":"Casco Sonic Canariam"},"content":{"rendered":"<p style=\"text-align: center;\"><strong>Especificaciones T\u00e9cnicas\u00a0<\/strong><\/p>\n<ul>\n<li>Producto: \u00a0Casco para Patinaje y Ciclismo<\/li>\n<li>Marca: \u00a0Canariam<\/li>\n<li>Modelo: \u00a0Sonic Princess<\/li>\n<li>Material:\u00a0 Pasta de policarbonato expandido (Icopor)<\/li>\n<li>Ajuste:\u00a0 Sistema de ajuste graduable<\/li>\n<li>Fabricaci\u00f3n out mold, Casco de seguridad para patinadores.<\/li>\n<li>Tallaje: ( S ) 54 \u2013 58 cm Ajustable<\/li>\n<li>Ideal para Patinaje y Ciclismo<\/li>\n<li><span style=\"font-size: 16px;\">Su dise\u00f1o aerodin\u00e1mico y horma, permite la distribuci\u00f3n del impacto.<\/span><\/li>\n<\/ul>\n","protected":false},"excerpt":{"rendered":"<p>Casco para Patinaje y Ciclismo<\/p>\n<p><a href=\"https:\/\/api.whatsapp.com\/send?phone=573144220079&amp;text=%C2%A1Hola%20Wuilpy!%20Quisiera%20asesor%C3%ADa%20personalizada%20para%20mi%20compra.%20Gracias\" target=\"_blank\" rel=\"noopener noreferrer\"><img decoding=\"async\" loading=\"lazy\" class=\"alignnone size-full wp-image-4589\" src=\"https:\/\/wuilpy.com\/wp-content\/uploads\/2020\/11\/boton-wsapp2.png\" alt=\"\" width=\"200\" height=\"30\" \/><\/a><\/p>\n","protected":false},"featured_media":296,"comment_status":"closed","ping_status":"closed","template":"","meta":{"site-sidebar-layout":"default","site-content-layout":"default","ast-global-header-display":"","ast-banner-title-visibility":"","ast-main-header-display":"","ast-hfb-above-header-display":"","ast-hfb-below-header-display":"","ast-hfb-mobile-header-display":"","site-post-title":"","ast-breadcrumbs-content":"","ast-featured-img":"","footer-sml-layout":"","theme-transparent-header-meta":"default","adv-header-id-meta":"","stick-header-meta":"","header-above-stick-meta":"","header-main-stick-meta":"","header-below-stick-meta":""},"product_cat":[74,79,63],"product_tag":[],"_links":{"self":[{"href":"https:\/\/prueba1.wuilpy.com\/index.php\/wp-json\/wp\/v2\/product\/268"}],"collection":[{"href":"https:\/\/prueba1.wuilpy.com\/index.php\/wp-json\/wp\/v2\/product"}],"about":[{"href":"https:\/\/prueba1.wuilpy.com\/index.php\/wp-json\/wp\/v2\/types\/product"}],"replies":[{"embeddable":true,"href":"https:\/\/prueba1.wuilpy.com\/index.php\/wp-json\/wp\/v2\/comments?post=268"}],"wp:featuredmedia":[{"embeddable":true,"href":"https:\/\/prueba1.wuilpy.com\/index.php\/wp-json\/wp\/v2\/media\/296"}],"wp:attachment":[{"href":"https:\/\/prueba1.wuilpy.com\/index.php\/wp-json\/wp\/v2\/media?parent=268"}],"wp:term":[{"taxonomy":"product_cat","embeddable":true,"href":"https:\/\/prueba1.wuilpy.com\/index.php\/wp-json\/wp\/v2\/product_cat?post=268"},{"taxonomy":"product_tag","embeddable":true,"href":"https:\/\/prueba1.wuilpy.com\/index.php\/wp-json\/wp\/v2\/product_tag?post=268"}],"curies":[{"name":"wp","href":"https:\/\/api.w.org\/{rel}","templated":true}]}}