{"id":305,"date":"2023-06-28T15:29:09","date_gmt":"2023-06-28T20:29:09","guid":{"rendered":"https:\/\/prueba1.wuilpy.com\/?post_type=product&#038;p=305"},"modified":"2023-06-28T15:35:31","modified_gmt":"2023-06-28T20:35:31","slug":"bicicleta-playera-gw-rin-26-sunday","status":"publish","type":"product","link":"https:\/\/prueba1.wuilpy.com\/index.php\/product\/bicicleta-playera-gw-rin-26-sunday\/","title":{"rendered":"Bicicleta Playera GW Rin 26 Sunday"},"content":{"rendered":"<h1>Bicicleta Playera GW Rin 26 Sunday<\/h1>\n<p style=\"text-align: left\">Disfruta de la belleza y funcionalidad con la bicicleta playera GW Rin 26 Modelo Sunday. \u00a0Su dise\u00f1o elegante y detalles \u00fanicos te llevar\u00e1n a tus destinos con estilo. Adem\u00e1s, su canasta y parrilla te permitir\u00e1n transportar todo lo que necesites en tus paseos. Obt\u00e9n la tuya ahora con frenos V-Brake para una mayor seguridad.<\/p>\n<ul>\n<li><strong>Marca: \u00a0<\/strong>GW<\/li>\n<li><strong>Modelo:<\/strong>\u00a0 Sunday<\/li>\n<li><strong>Material del Marco:<\/strong> \u00a0Acero<\/li>\n<li><strong>Bicicleta Urbana:<\/strong> Rin 26\u201d<\/li>\n<li><strong>Resorte:<\/strong> Gal\u00e1pago<\/li>\n<li>Juego de Frenos V-brake en Aluminio<\/li>\n<li>Manubrio 26 en Acero Beach Cruiser<\/li>\n<li>Espiga en Aluminio<\/li>\n<li>Rines en Aluminio Rin 26\u201d<\/li>\n<li>Accesorios: \u00a0Guarda Barro, Guarda Cadena, Parrilla, Canasta, Reflectivo y Paral.<\/li>\n<\/ul>\n","protected":false},"excerpt":{"rendered":"<p style=\"text-align: justify\"><span style=\"font-size: 16px\"><\/p>\n<p>Lleva el estilo y la comodidad a otro nivel con la bicicleta playera GW Sunday. Equipada con canasta, parrilla y frenos V-brake, es perfecta para tus paseos en la ciudad.<\/p>\n<p><\/span><\/p>\n<p><a href=\"https:\/\/api.whatsapp.com\/send?phone=573144220079&amp;text=%C2%A1Hola%20Wuilpy!%20Quisiera%20asesor%C3%ADa%20personalizada%20para%20mi%20compra.%20Gracias\" target=\"_blank\" rel=\"noopener noreferrer\"><img decoding=\"async\" loading=\"lazy\" class=\"alignleft wp-image-4589 size-full\" src=\"https:\/\/wuilpy.com\/wp-content\/uploads\/2020\/11\/boton-wsapp2.png\" alt=\"\" width=\"200\" height=\"30\" \/><\/a><\/p>\n<p>&nbsp;<\/p>\n<p>&nbsp;<\/p>\n","protected":false},"featured_media":893,"comment_status":"closed","ping_status":"closed","template":"","meta":{"site-sidebar-layout":"default","site-content-layout":"default","ast-global-header-display":"","ast-banner-title-visibility":"","ast-main-header-display":"","ast-hfb-above-header-display":"","ast-hfb-below-header-display":"","ast-hfb-mobile-header-display":"","site-post-title":"","ast-breadcrumbs-content":"","ast-featured-img":"","footer-sml-layout":"","theme-transparent-header-meta":"default","adv-header-id-meta":"","stick-header-meta":"","header-above-stick-meta":"","header-main-stick-meta":"","header-below-stick-meta":""},"product_cat":[244,72,23,30],"product_tag":[108],"_links":{"self":[{"href":"https:\/\/prueba1.wuilpy.com\/index.php\/wp-json\/wp\/v2\/product\/305"}],"collection":[{"href":"https:\/\/prueba1.wuilpy.com\/index.php\/wp-json\/wp\/v2\/product"}],"about":[{"href":"https:\/\/prueba1.wuilpy.com\/index.php\/wp-json\/wp\/v2\/types\/product"}],"replies":[{"embeddable":true,"href":"https:\/\/prueba1.wuilpy.com\/index.php\/wp-json\/wp\/v2\/comments?post=305"}],"wp:featuredmedia":[{"embeddable":true,"href":"https:\/\/prueba1.wuilpy.com\/index.php\/wp-json\/wp\/v2\/media\/893"}],"wp:attachment":[{"href":"https:\/\/prueba1.wuilpy.com\/index.php\/wp-json\/wp\/v2\/media?parent=305"}],"wp:term":[{"taxonomy":"product_cat","embeddable":true,"href":"https:\/\/prueba1.wuilpy.com\/index.php\/wp-json\/wp\/v2\/product_cat?post=305"},{"taxonomy":"product_tag","embeddable":true,"href":"https:\/\/prueba1.wuilpy.com\/index.php\/wp-json\/wp\/v2\/product_tag?post=305"}],"curies":[{"name":"wp","href":"https:\/\/api.w.org\/{rel}","templated":true}]}}