{"id":531,"date":"2023-06-28T15:31:54","date_gmt":"2023-06-28T20:31:54","guid":{"rendered":"https:\/\/prueba1.wuilpy.com\/?post_type=product&#038;p=531"},"modified":"2023-06-28T15:32:41","modified_gmt":"2023-06-28T20:32:41","slug":"guantes-para-bicicleta-cortos-gw-drift","status":"publish","type":"product","link":"https:\/\/prueba1.wuilpy.com\/index.php\/product\/guantes-para-bicicleta-cortos-gw-drift\/","title":{"rendered":"Guantes para Bicicleta Cortos GW Drift"},"content":{"rendered":"<h1>Guantes para Bicicleta Cortos GW Drift<\/h1>\n<p style=\"text-align: justify;\">Pedalea con seguridad y comodidad con los Guantes para Ciclismo Cortos GW Drift. Dise\u00f1ados para adaptarse perfectamente a tu mano, brind\u00e1ndote un agarre firme y almohadillado con \u00a0gel en la palma. Su material de cuero sint\u00e9tico, poli\u00e9ster, nylon, poliuretano y elastano garantizan su resistencia y durabilidad. Adem\u00e1s, su dise\u00f1o ergon\u00f3mico y cierre en velcro los hace ideales para MTB, Ruta y BMX. \u00a1No esperes m\u00e1s y experimenta la comodidad en tus rutas en bicicleta con los Guantes para Bicicleta Cortos GW Drift de la marca GW!<\/p>\n<ul>\n<li>Material: \u00a0Cuero Sint\u00e9tico en la palma &#8211; Gel &#8211; Cierre en Velcro.<\/li>\n<li>Marca: \u00a0GW<\/li>\n<li>10% Polyester, 40% Nylon, \u00a030% Poliuretano, 20% Elastano<\/li>\n<li>Ideal para MTB, Ruta y BMX.<\/li>\n<li>Dise\u00f1o c\u00f3modo y ergon\u00f3mico<\/li>\n<\/ul>\n<p>\u00a1Ord\u00e9nalos<span style=\"font-size: 16px; font-style: normal;\">\u00a0<\/span><span style=\"font-size: 16px;\">y disfruta de tus rodadas!.<\/span><\/p>\n","protected":false},"excerpt":{"rendered":"<p><span style=\"font-size: 16px;\"><\/p>\n<p>Protege tus manos mientras pedaleas con los Guantes para Ciclismo Cortos GW Drift. Ergon\u00f3micos y c\u00f3modos, ideales para MTB, Ruta y BMX.<\/span><\/p>\n<p><a style=\"font-size: 16px;\" href=\"https:\/\/api.whatsapp.com\/send?phone=573144220079&amp;text=%C2%A1Hola%20Wuilpy!%20Quisiera%20asesor%C3%ADa%20personalizada%20para%20mi%20compra.%20Gracias\" target=\"_blank\" rel=\"noopener noreferrer\"><img decoding=\"async\" loading=\"lazy\" class=\"alignnone size-full wp-image-4589\" src=\"https:\/\/wuilpy.com\/wp-content\/uploads\/2020\/11\/boton-wsapp2.png\" alt=\"\" width=\"200\" height=\"30\" \/><\/a><\/p>\n","protected":false},"featured_media":559,"comment_status":"open","ping_status":"closed","template":"","meta":{"site-sidebar-layout":"default","site-content-layout":"default","ast-global-header-display":"","ast-banner-title-visibility":"","ast-main-header-display":"","ast-hfb-above-header-display":"","ast-hfb-below-header-display":"","ast-hfb-mobile-header-display":"","site-post-title":"","ast-breadcrumbs-content":"","ast-featured-img":"","footer-sml-layout":"","theme-transparent-header-meta":"default","adv-header-id-meta":"","stick-header-meta":"","header-above-stick-meta":"","header-main-stick-meta":"","header-below-stick-meta":""},"product_cat":[74,28,102,27],"product_tag":[115],"_links":{"self":[{"href":"https:\/\/prueba1.wuilpy.com\/index.php\/wp-json\/wp\/v2\/product\/531"}],"collection":[{"href":"https:\/\/prueba1.wuilpy.com\/index.php\/wp-json\/wp\/v2\/product"}],"about":[{"href":"https:\/\/prueba1.wuilpy.com\/index.php\/wp-json\/wp\/v2\/types\/product"}],"replies":[{"embeddable":true,"href":"https:\/\/prueba1.wuilpy.com\/index.php\/wp-json\/wp\/v2\/comments?post=531"}],"wp:featuredmedia":[{"embeddable":true,"href":"https:\/\/prueba1.wuilpy.com\/index.php\/wp-json\/wp\/v2\/media\/559"}],"wp:attachment":[{"href":"https:\/\/prueba1.wuilpy.com\/index.php\/wp-json\/wp\/v2\/media?parent=531"}],"wp:term":[{"taxonomy":"product_cat","embeddable":true,"href":"https:\/\/prueba1.wuilpy.com\/index.php\/wp-json\/wp\/v2\/product_cat?post=531"},{"taxonomy":"product_tag","embeddable":true,"href":"https:\/\/prueba1.wuilpy.com\/index.php\/wp-json\/wp\/v2\/product_tag?post=531"}],"curies":[{"name":"wp","href":"https:\/\/api.w.org\/{rel}","templated":true}]}}