{"id":613,"date":"2023-06-28T15:32:46","date_gmt":"2023-06-28T20:32:46","guid":{"rendered":"https:\/\/prueba1.wuilpy.com\/?post_type=product&#038;p=613"},"modified":"2023-06-28T15:32:54","modified_gmt":"2023-06-28T20:32:54","slug":"frenos-de-disco-hidraulicos-bl-br-mt200-shimano","status":"publish","type":"product","link":"https:\/\/prueba1.wuilpy.com\/index.php\/product\/frenos-de-disco-hidraulicos-bl-br-mt200-shimano\/","title":{"rendered":"Frenos De Disco Hidr\u00e1ulicos BL\/BR-MT200 Shimano"},"content":{"rendered":"\t\t<div data-elementor-type=\"wp-post\" data-elementor-id=\"613\" class=\"elementor elementor-613\">\n\t\t\t\t\t\t\t\t\t<section class=\"elementor-section elementor-top-section elementor-element elementor-element-5a01c3e1 elementor-section-boxed elementor-section-height-default elementor-section-height-default\" data-id=\"5a01c3e1\" data-element_type=\"section\">\n\t\t\t\t\t\t<div class=\"elementor-container elementor-column-gap-default\">\n\t\t\t\t\t<div class=\"elementor-column elementor-col-100 elementor-top-column elementor-element elementor-element-202eecb\" data-id=\"202eecb\" data-element_type=\"column\">\n\t\t\t<div class=\"elementor-widget-wrap elementor-element-populated\">\n\t\t\t\t\t\t\t\t<div class=\"elementor-element elementor-element-4047698f elementor-widget elementor-widget-text-editor\" data-id=\"4047698f\" data-element_type=\"widget\" data-widget_type=\"text-editor.default\">\n\t\t\t\t<div class=\"elementor-widget-container\">\n\t\t\t<style>\/*! elementor - v3.14.0 - 26-06-2023 *\/\n.elementor-widget-text-editor.elementor-drop-cap-view-stacked .elementor-drop-cap{background-color:#69727d;color:#fff}.elementor-widget-text-editor.elementor-drop-cap-view-framed .elementor-drop-cap{color:#69727d;border:3px solid;background-color:transparent}.elementor-widget-text-editor:not(.elementor-drop-cap-view-default) .elementor-drop-cap{margin-top:8px}.elementor-widget-text-editor:not(.elementor-drop-cap-view-default) .elementor-drop-cap-letter{width:1em;height:1em}.elementor-widget-text-editor .elementor-drop-cap{float:left;text-align:center;line-height:1;font-size:50px}.elementor-widget-text-editor .elementor-drop-cap-letter{display:inline-block}<\/style>\t\t\t\tFrenos De Disco Hidr\u00e1ulicos BL\/BR-MT200\r\n<ul>\r\n \t<li>Con Sistema One Way Bleeding, freno de disco hidr\u00e1ulico MT200 de Shimano ofrece potencia de frenado ajustada.\r\n \t<li>Su dise\u00f1o vers\u00e1til se adapta a m\u00e1s estilos de bicicleta.\r\n \t<li>Rendimiento de frenado fiable con menos ruido.\r\n \t<li>Instalaci\u00f3n f\u00e1cil, r\u00e1pida y sencilla\r\n \t<li>Aceite hidr\u00e1ulico mineral Shimano\r\n \t<li>Menos Ruido de vibraci\u00f3n de las patillas\r\n \t<li>Separaci\u00f3n de la pastilla un 40% mas amplia.\r\n \t<li>Compatible con el tama\u00f1o de freno 160 mm (S)\r\n \t<li>Compatible con el tama\u00f1o del freno_180 mm (M)\r\n\t\t\t\t\t\t<\/div>\n\t\t\t\t<\/div>\n\t\t\t\t\t<\/div>\n\t\t<\/div>\n\t\t\t\t\t\t\t<\/div>\n\t\t<\/section>\n\t\t\t\t\t\t\t<\/div>\n\t\t","protected":false},"excerpt":{"rendered":"<p class=\"ui-pdp-title\">Juego De Frenos De Disco Hidr\u00e1ulicos BL\/BR-MT200 Shimano<\/p>\n","protected":false},"featured_media":645,"comment_status":"closed","ping_status":"closed","template":"","meta":{"site-sidebar-layout":"default","site-content-layout":"default","ast-global-header-display":"","ast-banner-title-visibility":"","ast-main-header-display":"","ast-hfb-above-header-display":"","ast-hfb-below-header-display":"","ast-hfb-mobile-header-display":"","site-post-title":"","ast-breadcrumbs-content":"","ast-featured-img":"","footer-sml-layout":"","theme-transparent-header-meta":"default","adv-header-id-meta":"","stick-header-meta":"","header-above-stick-meta":"","header-main-stick-meta":"","header-below-stick-meta":""},"product_cat":[116],"product_tag":[119],"_links":{"self":[{"href":"https:\/\/prueba1.wuilpy.com\/index.php\/wp-json\/wp\/v2\/product\/613"}],"collection":[{"href":"https:\/\/prueba1.wuilpy.com\/index.php\/wp-json\/wp\/v2\/product"}],"about":[{"href":"https:\/\/prueba1.wuilpy.com\/index.php\/wp-json\/wp\/v2\/types\/product"}],"replies":[{"embeddable":true,"href":"https:\/\/prueba1.wuilpy.com\/index.php\/wp-json\/wp\/v2\/comments?post=613"}],"wp:featuredmedia":[{"embeddable":true,"href":"https:\/\/prueba1.wuilpy.com\/index.php\/wp-json\/wp\/v2\/media\/645"}],"wp:attachment":[{"href":"https:\/\/prueba1.wuilpy.com\/index.php\/wp-json\/wp\/v2\/media?parent=613"}],"wp:term":[{"taxonomy":"product_cat","embeddable":true,"href":"https:\/\/prueba1.wuilpy.com\/index.php\/wp-json\/wp\/v2\/product_cat?post=613"},{"taxonomy":"product_tag","embeddable":true,"href":"https:\/\/prueba1.wuilpy.com\/index.php\/wp-json\/wp\/v2\/product_tag?post=613"}],"curies":[{"name":"wp","href":"https:\/\/api.w.org\/{rel}","templated":true}]}}