{"id":76,"date":"2023-06-28T15:26:07","date_gmt":"2023-06-28T20:26:07","guid":{"rendered":"https:\/\/prueba1.wuilpy.com\/?post_type=product&#038;p=76"},"modified":"2023-06-28T15:34:35","modified_gmt":"2023-06-28T20:34:35","slug":"bicicleta-para-nina-rin-12-gw-fairy-2-a-5-anos","status":"publish","type":"product","link":"https:\/\/prueba1.wuilpy.com\/index.php\/product\/bicicleta-para-nina-rin-12-gw-fairy-2-a-5-anos\/","title":{"rendered":"Bicicleta Para Ni\u00f1a Rin 12 GW Fairy 2 a 5 a\u00f1os"},"content":{"rendered":"<p style=\"text-align: left;\">Bicicleta Para Ni\u00f1a Rin 12 GW Fairy 2 a 5 a\u00f1os; ideal para que tu ni\u00f1a se inicie en una actividad deportiva como el ciclismo y \u00a0al mismo tiempo contribuirle en su desarrollo psicomotriz mientras se divierte.<\/p>\n<ul class=\"jsx-3624412160\">\n<li><strong>Marca: \u00a0<\/strong>GW<\/li>\n<li><strong>Modelo:<\/strong>\u00a0 Fairy<\/li>\n<li><strong>Rin: <\/strong>12&#8243;<\/li>\n<li class=\"jsx-3624412160\"><strong class=\"jsx-3624412160\">Material del Marco<\/strong>: Acero<\/li>\n<li><strong>Aros:<\/strong> Aluminio<\/li>\n<li class=\"jsx-3624412160\"><strong class=\"jsx-3624412160\">Tipo de Freno<\/strong>: V-Brake<\/li>\n<li><strong>Peso:<\/strong> \u00a09 Kg<\/li>\n<li><strong>Edades: <\/strong>2\u00a0a 4 a\u00f1os<\/li>\n<li><strong>Incluye Accesorios: <\/strong>\u00a0 Canasta, Timbre, Pads, Ruedas Auxiliares, Campanita, Cubrecadena y Guardafangos.<\/li>\n<li>Garant\u00eda: \u00a01 a\u00f1o por defectos de fabricaci\u00f3n<\/li>\n<\/ul>\n","protected":false},"excerpt":{"rendered":"<p>Bicicleta Ni\u00f1a Rin 12 GW Fairy<\/p>\n<p><a href=\"https:\/\/api.whatsapp.com\/send?phone=573144220079&amp;text=%C2%A1Hola%20Wuilpy!%20Quisiera%20asesor%C3%ADa%20personalizada%20para%20mi%20compra.%20Gracias\" target=\"_blank\" rel=\"noopener noreferrer\"><img decoding=\"async\" loading=\"lazy\" class=\"alignnone size-full wp-image-4589\" src=\"https:\/\/wuilpy.com\/wp-content\/uploads\/2020\/11\/boton-wsapp2.png\" alt=\"\" width=\"200\" height=\"30\" \/><\/a><\/p>\n","protected":false},"featured_media":128,"comment_status":"open","ping_status":"closed","template":"","meta":{"site-sidebar-layout":"default","site-content-layout":"default","ast-global-header-display":"","ast-banner-title-visibility":"","ast-main-header-display":"","ast-hfb-above-header-display":"","ast-hfb-below-header-display":"","ast-hfb-mobile-header-display":"","site-post-title":"","ast-breadcrumbs-content":"","ast-featured-img":"","footer-sml-layout":"","theme-transparent-header-meta":"default","adv-header-id-meta":"","stick-header-meta":"","header-above-stick-meta":"","header-main-stick-meta":"","header-below-stick-meta":""},"product_cat":[23,28,24,45,27],"product_tag":[43],"_links":{"self":[{"href":"https:\/\/prueba1.wuilpy.com\/index.php\/wp-json\/wp\/v2\/product\/76"}],"collection":[{"href":"https:\/\/prueba1.wuilpy.com\/index.php\/wp-json\/wp\/v2\/product"}],"about":[{"href":"https:\/\/prueba1.wuilpy.com\/index.php\/wp-json\/wp\/v2\/types\/product"}],"replies":[{"embeddable":true,"href":"https:\/\/prueba1.wuilpy.com\/index.php\/wp-json\/wp\/v2\/comments?post=76"}],"wp:featuredmedia":[{"embeddable":true,"href":"https:\/\/prueba1.wuilpy.com\/index.php\/wp-json\/wp\/v2\/media\/128"}],"wp:attachment":[{"href":"https:\/\/prueba1.wuilpy.com\/index.php\/wp-json\/wp\/v2\/media?parent=76"}],"wp:term":[{"taxonomy":"product_cat","embeddable":true,"href":"https:\/\/prueba1.wuilpy.com\/index.php\/wp-json\/wp\/v2\/product_cat?post=76"},{"taxonomy":"product_tag","embeddable":true,"href":"https:\/\/prueba1.wuilpy.com\/index.php\/wp-json\/wp\/v2\/product_tag?post=76"}],"curies":[{"name":"wp","href":"https:\/\/api.w.org\/{rel}","templated":true}]}}