{"id":837,"date":"2023-06-28T15:34:42","date_gmt":"2023-06-28T20:34:42","guid":{"rendered":"https:\/\/prueba1.wuilpy.com\/?post_type=product&#038;p=837"},"modified":"2023-06-28T15:35:31","modified_gmt":"2023-06-28T20:35:31","slug":"bicicleta-para-ninos-rin-16-nitro","status":"publish","type":"product","link":"https:\/\/prueba1.wuilpy.com\/index.php\/product\/bicicleta-para-ninos-rin-16-nitro\/","title":{"rendered":"Bicicleta para ni\u00f1os rin 16 Nitro"},"content":{"rendered":"<h1 style=\"text-align: justify;\">Bicicleta para ni\u00f1os rin 16 Nitro: \u00a1La mejor compa\u00f1era de aventuras sobre ruedas!.<\/h1>\n<h2 style=\"text-align: justify;\">Descubre la cicla para ni\u00f1os de 4 a 7 a\u00f1os: Calidad, seguridad y estilo en una sola bici.<span class=\"Apple-converted-space\">\u00a0<\/span><\/h2>\n<p style=\"text-align: justify;\">Deja que tus ni\u00f1os vivan la aventura al m\u00e1ximo con la bicicleta para ni\u00f1os rin 16 Nitro. Con su dise\u00f1o llamativo y detalles de calidad, esta bicicleta marca Drive se convierte en el compa\u00f1ero ideal para tus peque\u00f1os ciclistas. Construida con un resistente marco de acero y aros de aluminio ligeros, garantiza una conducci\u00f3n suave y segura. Los frenos V-Brake brindan un excelente control de velocidad, mientras que los accesorios incluidos como las ruedas auxiliares, cubrecadena, guardafangos y campanita completan la experiencia. Dise\u00f1ada para edades de 4 a 7 a\u00f1os, con estaturas de 100 a 118 cm, esta bicicleta inspira confianza y diversi\u00f3n en cada pedaleo. \u00a1Descubre el mundo sobre dos ruedas con Nitro!.<\/p>\n<p>La bici le permite a tus ni\u00f1os disfrutar de la libertad, la diversi\u00f3n y los beneficios f\u00edsicos de la actividad al aire libre, brind\u00e1ndoles la oportunidad de explorar el mundo mientras desarrollan habilidades motoras, fortalecen su equilibrio y promueven un estilo de vida activo y saludable.<\/p>\n<h3 style=\"text-align: justify;\">Caracter\u00edsticas y detalles de la cicla para ni\u00f1os rin 16 Nitro<\/h3>\n<ul>\n<li><strong>Marca: <\/strong>Bicicleta Drive<\/li>\n<li><strong>Modelo:<\/strong>\u00a0Nitro<\/li>\n<li><strong>Rin: <\/strong>Bicicleta de 16 pulgadas<\/li>\n<li><strong>Material del Marco<\/strong>: Acero<\/li>\n<li><strong>Aros:<\/strong>\u00a0Aluminio<\/li>\n<li><strong>Tipo de Freno<\/strong>: V-Brake<\/li>\n<li><strong>Peso:<\/strong> 10,3 kilos aprox.<\/li>\n<li><em><strong>Bicicleta para ni\u00f1os de 4 a 7 a\u00f1os<\/strong><\/em><\/li>\n<li><strong>Incluye Accesorios:\u00a0<\/strong>Ruedas Auxiliares, Cubrecadena, Guardafangos y Campanita.<\/li>\n<\/ul>\n<h4 style=\"text-align: justify;\">Protecci\u00f3n y diversi\u00f3n en cada pedaleo. Implementos de seguridad para tus peque\u00f1os ciclistas: casco, rodilleras y coderas. Disfruta de aventuras sobre ruedas seguras y emocionantes. \u00a1Haz de cada paseo en bicicleta una experiencia inolvidable para tus ni\u00f1os!.<\/h4>\n","protected":false},"excerpt":{"rendered":"<p style=\"text-align: justify;\">Bicicleta para ni\u00f1os rin 16 Nitro: calidad, seguridad y diversi\u00f3n en cada pedaleo. Marco de acero resistente, aros de aluminio y frenos V-Brake. Incluye ruedas auxiliares, cubrecadena, guardafangos y campanita. \u00a1Listos para la aventura en bici!.<\/p>\n<ul>\n<li><strong>Marca: <\/strong>Bicicleta Drive<\/li>\n<li><strong>Modelo:<\/strong> Nitro<\/li>\n<li><strong>Tama\u00f1o: <\/strong>Bicicleta de 16 pulgadas<\/li>\n<li><strong>Tipo de Freno<\/strong>: V-Brake<\/li>\n<\/ul>\n<p><a href=\"https:\/\/api.whatsapp.com\/send?phone=573144220079&amp;text=%C2%A1Hola%20Wuilpy!%20Quisiera%20asesor%C3%ADa%20personalizada%20para%20mi%20compra.%20Gracias\" target=\"_blank\" rel=\"noopener noreferrer\"><img decoding=\"async\" loading=\"lazy\" class=\"size-full wp-image-4589 alignleft\" src=\"https:\/\/wuilpy.com\/wp-content\/uploads\/2020\/11\/boton-wsapp2.png\" alt=\"\" width=\"200\" height=\"30\" \/><\/a><\/p>\n","protected":false},"featured_media":889,"comment_status":"open","ping_status":"closed","template":"","meta":{"site-sidebar-layout":"no-sidebar","site-content-layout":"default","ast-global-header-display":"","ast-banner-title-visibility":"","ast-main-header-display":"","ast-hfb-above-header-display":"","ast-hfb-below-header-display":"","ast-hfb-mobile-header-display":"","site-post-title":"disabled","ast-breadcrumbs-content":"","ast-featured-img":"disabled","footer-sml-layout":"","theme-transparent-header-meta":"default","adv-header-id-meta":"","stick-header-meta":"","header-above-stick-meta":"","header-main-stick-meta":"","header-below-stick-meta":""},"product_cat":[23,30,31,136,27,46],"product_tag":[39],"_links":{"self":[{"href":"https:\/\/prueba1.wuilpy.com\/index.php\/wp-json\/wp\/v2\/product\/837"}],"collection":[{"href":"https:\/\/prueba1.wuilpy.com\/index.php\/wp-json\/wp\/v2\/product"}],"about":[{"href":"https:\/\/prueba1.wuilpy.com\/index.php\/wp-json\/wp\/v2\/types\/product"}],"replies":[{"embeddable":true,"href":"https:\/\/prueba1.wuilpy.com\/index.php\/wp-json\/wp\/v2\/comments?post=837"}],"wp:featuredmedia":[{"embeddable":true,"href":"https:\/\/prueba1.wuilpy.com\/index.php\/wp-json\/wp\/v2\/media\/889"}],"wp:attachment":[{"href":"https:\/\/prueba1.wuilpy.com\/index.php\/wp-json\/wp\/v2\/media?parent=837"}],"wp:term":[{"taxonomy":"product_cat","embeddable":true,"href":"https:\/\/prueba1.wuilpy.com\/index.php\/wp-json\/wp\/v2\/product_cat?post=837"},{"taxonomy":"product_tag","embeddable":true,"href":"https:\/\/prueba1.wuilpy.com\/index.php\/wp-json\/wp\/v2\/product_tag?post=837"}],"curies":[{"name":"wp","href":"https:\/\/api.w.org\/{rel}","templated":true}]}}